onvert -18 (base 11) to base 4.
-103
What is -20 (base 8) in base 5?
-31
-220 (base 3) to base 2
-11000
0 (base 11) to base 6
0
76 (base 12) to base 2
1011010
What is 10 (base 2) in base 14?
2
Convert 23 (base 11) to base 9.
27
What is -8 (base 12) in base 16?
-8
15 (base 14) to base 12
17
73 (base 14) to base 6
245
Convert -1 (base 11) to base 16.
-1
-10 (base 8) to base 10
-8
4 (base 12) to base 14
4
Convert -1 (base 14) to base 6.
-1
Convert 6 (base 9) to base 15.
6
What is 355 (base 10) in base 6?
1351
Convert 1010 (base 2) to base 10.
10
Convert 1 (base 7) to base 2.
1
Convert -130 (base 4) to base 6.
-44
Convert 132 (base 6) to base 16.
38
What is -a (base 11) in base 8?
-12
4 (base 11) to base 15
4
Convert 10 (base 2) to base 4.
2
What is -12011 (base 3) in base 9?
-164
-1 (base 15) to base 14
-1
Convert -1 (base 3) to base 9.
-1
What is -2 (base 7) in base 3?
-2
-2 (base 7) to base 10
-2
Convert -120 (base 4) to base 2.
-11000
-ab (base 16) to base 12
-123
What is 3e (base 15) in base 6?
135
Convert -11 (base 4) to base 12.
-5
What is 10 (base 3) in base 2?
11
-11 (base 5) to base 4
-12
Convert -a (base 12) to base 9.
-11
102 (base 3) to base 15
b
What is -2 (base 6) in base 7?
-2
-10110 (base 2) to base 12
-1a
-1 (base 10) to base 5
-1
What is -6 (base 14) in base 5?
-11
Convert -13 (base 11) to base 15.
-e
-1020 (base 5) to base 10
-135
73 (base 13) to base 6
234
What is 33 (base 9) in base 8?
36
Convert -38 (base 11) to base 9.
-45
Convert 11 (base 3) to base 4.
10
-20 (base 3) to base 11
-6
Convert -7a (base 15) to base 11.
-a5
Convert 1 (base 8) to base 3.
1
52 (base 13) to base 5
232
-171 (base 14) to base 7
-601
-101100 (base 2) to base 6
-112
Convert 4 (base 5) to base 16.
4
Convert 3 (base 16) to base 7.
3
3 (base 15) to base 7
3
Convert -34 (base 15) to base 16.
-31
Convert 33 (base 10) to base 9.
36
Convert 15a (base 11) to base 6.
510
Convert 82 (base 12) to base 10.
98
Convert 18 (base 11) to base 9.
21
1000000 (base 2) to base 16
40
What is 7 (base 15) in base 13?
7
4 (base 16) to base 7
4
What is -8 (base 15) in base 5?
-13
0 (base 14) to base 16
0
Convert -5 (base 7) to base 11.
-5
Convert -2 (base 7) to base 14.
-2
What is 110100 (base 2) in base 11?
48
What is 10 (base 7) in base 8?
7
5 (base 11) to base 16
5
-154 (base 7) to base 12
-74
2 (base 15) to base 5
2
Convert 2212 (base 3) to base 13.
5c
Convert -20 (base 3) to base 8.
-6
What is 100111000 (base 2) in base 9?
376
Convert -27 (base 12) to base 3.
-1011
Convert 10 (base 9) to base 13.
9
What is -10 (base 9) in base 8?
-11
What is 53 (base 9) in base 16?
30
What is 16 (base 11) in base 4?
101
What is -3 (base 7) in base 2?
-11
0 (base 14) to base 12
0
Convert 11 (base 15) to base 5.
31
What is -26 (base 14) in base 9?
-37
1 (base 11) to base 13
1
What is 1 (base 9) in base 12?
1
Convert -16 (base 10) to base 2.
-10000
What is -10 (base 3) in base 11?
-3
Convert -10 (base 3) to base 9.
-3
234 (base 10) to base 3
22200
-31 (base 12) to base 6
-101
10a (base 12) to base 9
181
141 (base 6) to base 9
67
What is -17 (base 12) in base 6?
-31
Convert 5 (base 6) to base 14.
5
What is 245 (base 7) in base 3?
11212
Convert -30 (base 4) to base 14.
-c
12 (base 12) to base 6
22
What is 131 (base 4) in base 10?
29
What is 79 (base 13) in base 6?
244
-d1 (base 15) to base 10
-196
What is 0 (base 2) in base 5?
0
What is 4 (base 16) in base 10?
4
4 (base 16) to base 8
4
-20 (base 10) to base 13
-17
187 (base 9) to base 16
a0
67 (base 12) to base 4
1033
What is 14 (base 14) in base 9?
20
37 (base 13) to base 14
34
What is 83 (base 9) in base 2?
1001011
What is 9a (base 12) in base 2?
1110110
-3 (base 12) to base 4
-3
What is 18 (base 12) in base 3?
202
12a (base 12) to base 2
10110010
-2 (base 6) to base 16
-2
-168 (base 9) to base 3
-12022
What is 1 (base 4) in base 16?
1
Convert 4 (base 13) to base 4.
10
What is b9 (base 13) in base 9?
178
Convert -25 (base 6) to base 9.
-18
Convert 19 (base 12) to base 4.
111
What is 201 (base 3) in base 4?
103
What is 27 (base 8) in base 7?
32
205 (base 7) to base 10
103
-5 (base 11) to base 9
-5
What is 4 (base 15) in base 11?
4
13 (base 5) to base 10
8
89 (base 16) to base 12
b5
-8 (base 10) to base 15
-8
What is 101100 (base 2) in base 10?
44
Convert -10001000 (base 2) to base 13.
-a6
-31 (base 6) to base 16
-13
Convert -10 (base 9) to base 3.
-100
-2 (base 6) to base 10
-2
Convert 15 (base 16) to base 4.
111
Convert -22121 (base 3) to base 4.
-3220
Convert -45 (base 8) to base 13.
-2b
Convert 20 (base 8) to base 4.
100
-6 (base 8) to base 6
-10
135 (base 8) to base 2
1011101
Convert -2 (base 7) to base 15.
-2
-8d (base 14) to base 16
-7d
Convert -19 (base 11) to base 2.
-10100
What is -a (base 16) in base 6?
-14
Convert 10 (base 3) to base 5.
3
Convert -5 (base 16) to base 4.
-11
180 (base 9) to base 10
153
Convert -30 (base 9) to base 16.
-1b
What is -72 (base 15) in base 6?
-255
-131 (base 4) to base 12
-25
Convert -304 (base 5) to base 7.
-142
-111 (base 2) to base 13
-7
What is 2112 (base 3) in base 7?
125
What is 1101 (base 2) in base 9?
14
Convert 6 (base 15) to base 7.
6
Convert a (base 14) to base 15.
a
Convert -10 (base 2) to base 15.
-2
-101 (base 2) to base 3
-12
1 (base 4) to base 9
1
Convert 1 (base 13) to base 7.
1
What is -2 (base 9) in base 14?
-2
Convert -416 (base 9) to base 3.
-110120
Convert -175 (base 14) to base 3.
-102002
What is 241 (base 6) in base 16?
61
What is -22 (base 16) in base 14?
-26
What is 2 (base 5) in base 12?
2
Convert -5 (base 14) to base 8.
-5
Convert 30 (base 6) to base 16.
12
What is -31 (base 15) in base 12?
-3a
35 (base 11) to base 6
102
Convert -4 (base 11) to base 16.
-4
-1 (base 11) to base 7
-1
What is 70 (base 12) in base 3?
10010
What is 4 (base 8) in base 16?
4
What is 3 (base 11) in base 5?
3
Convert 11 (base 3) to base 13.
4
-4 (base 10) to base 14
-4
What is -11011 (base 2) in base 5?
-102
5 (base 6) to base 12
5
Convert 33 (base 9) to base 10.
30
What is 1 (base 2) in base 6?
1
Convert a (base 15) to base 10.
10
Convert -1 (base 4) to base 2.
-1
Convert -43 (base 16) to base 4.
-1003
Convert -20 (base 13) to base 5.
-101
What is 102 (base 3) in base 7?
14
Convert 240 (base 6) to base 14.
6c
-5 (base 16) to base 9
-5
What is -2 (base 13) in base 2?
-10
What is -7 (base 8) in base 2?
-111
Convert 84 (base 9) to base 8.
114
126 (base 7) to base 12
59
What is -3 (base 4) in base 9?
-3
Convert -2 (base 8) to base 15.
-2
12 (base 16) to base 8
22
What is -4 (base 13) in base 8?
-4
What is 11 (base 13) in base 11?
13
What is 10001 (base 2) in base 13?
14
79 (base 15) to base 10
114
What is -16 (base 15) in base 14?
-17
-12 (base 15) to base 14
-13
Convert -2 (base 15) to base 2.
-10
Convert -22 (base 10) to base 2.
-10110
-5 (base 6) to base 9
-5
What is 6 (base 7) in base 11?
6
Convert 11 (base 6) to base 5.
12
217 (base 8) to base 7
263
What is -11220 (base 3) in base 16?
-84
Convert -101 (base 13) to base 11.
-145
What is 0 (base 7) in base 5?
0
10001 (base 2) to base 4
101
What is 216 (base 8) in base 10?
142
b (base 12) to base 9
12
-221 (base 4) to base 9
-45
What is -101 (base 2) in base 5?
-10
Convert -102 (base 6) to base 14.
-2a
Convert -a (base 14) to base 13.
-a
What is -1 (base 5) in base 11?
-1
What is -45 (base 10) in base 6?
-113
3 (base 13) to base 4
3
Convert 38 (base 16) to base 3.
2002
Convert -5 (base 9) to base 10.
-5
Convert -70 (base 8) to base 10.
-56
-4 (base 16) to base 11
-4
-3 (base 15) to base 5
-3
Convert 1 (base 14) to base 6.
1
Convert -1 (base 15) to base 5.
-1
Convert 110 (base 2) to base 15.
6
What is -7 (base 8) in base 11?
-7
What is 25 (base 13) in base 4?
133
-2 (base 11) to base 4
-2
Convert -22 (base 16) to base 10.
-34
Convert -1 (base 9) to base 11.
-1
4 (base 9) to base 16
4
What is 3 (base 8) in base 13?
3
Convert -3a (base 12) to base 3.
-1201
-116 (base 8) to base 13
-60
What is 1 (base 12) in base 3?
1
What is -3 (base 11) in base 13?
-3
What is 4 (base 13) in base 7?
4
-16 (base 16) to base 9
-24
-10 (base 9) to base 10
-9
1 (base 10) to base 14
1
What is -2 (base 11) in base 9?
-2
What is 25 (base 7) in base 15?
14
Convert 8b (base 12) to base 6.
255
Convert 177 (base 8) to base 2.
1111111
4 (base 16) to base 4
10
What is 1100 (base 2